{"id":1714,"date":"2025-03-14T08:46:46","date_gmt":"2025-03-14T11:46:46","guid":{"rendered":"https:\/\/transito.cambe.pr.gov.br\/?page_id=1714"},"modified":"2025-03-14T09:24:05","modified_gmt":"2025-03-14T12:24:05","slug":"veiculo-estacionado-em-via-publica-em-estado-de-abandono","status":"publish","type":"page","link":"https:\/\/transito.cambe.pr.gov.br\/index.php\/transito\/veiculo-estacionado-em-via-publica-em-estado-de-abandono\/","title":{"rendered":"Ve\u00edculo Estacionado em Via P\u00fablica em Estado de Abandono"},"content":{"rendered":"<p><span style=\"color: #000000;\">Segundo o <span style=\"color: #008000;\"><strong>Manual Brasileiro de Fiscaliza\u00e7\u00e3o de Tr\u00e2nsito,<\/strong> <\/span>considera-se<strong> ve\u00edculo em estado de abandono o ve\u00edculo estacionado na via ou em estacionamento p\u00fablico, sem capacidade de locomo\u00e7\u00e3o por meios pr\u00f3prios e que, devido a seu estado de conserva\u00e7\u00e3o e processo de deteriora\u00e7\u00e3o, ofere\u00e7a risco \u00e0 sa\u00fade p\u00fablica, \u00e0 seguran\u00e7a p\u00fablica ou ao meio ambiente,<\/strong> independentemente de encontrar-se estacionado em local permitido.\u00a0<\/span><\/p>\n<p style=\"text-align: center;\"><span style=\"color: #000000;\"><span style=\"color: #ff0000;\"><strong>Importante<\/strong><\/span>: as condi\u00e7\u00f5es do ve\u00edculo ser\u00e3o avaliadas para a constata\u00e7\u00e3o do fato.<\/span><\/p>\n<hr \/>\n<p>&nbsp;<\/p>\n<p><strong><span style=\"color: #333333;\">Preencha o formul\u00e1rio abaixo e fa\u00e7a sua solicita\u00e7\u00e3o online:<\/span><\/strong><\/p>\n<p><span style=\"font-weight: 400;\"><div class=\"forminator-ui forminator-custom-form forminator-custom-form-1725 forminator-design--default  forminator_ajax\" data-forminator-render=\"0\" data-form=\"forminator-module-1725\" data-uid=\"69e1a54497ee9\"><br\/><\/div><form\n\t\t\t\tid=\"forminator-module-1725\"\n\t\t\t\tclass=\"forminator-ui forminator-custom-form forminator-custom-form-1725 forminator-design--default  forminator_ajax\"\n\t\t\t\tmethod=\"post\"\n\t\t\t\tdata-forminator-render=\"0\"\n\t\t\t\tdata-form-id=\"1725\"\n\t\t\t\t\n\t\t\t\tdata-design=\"default\"\n\t\t\t\t\n\t\t\t\t\n\t\t\t\t\n\t\t\t\tdata-grid=\"open\"\n\t\t\t\tenctype=\"multipart\/form-data\"\n\t\t\t\t\n\t\t\t\tstyle=\"display: none;\"\n\t\t\t\t\n\t\t\t\tdata-uid=\"69e1a54497ee9\"\n\t\t\t><div role=\"alert\" aria-live=\"polite\" class=\"forminator-response-message forminator-error\" aria-hidden=\"true\"><\/div><div class=\"forminator-row\"><div id=\"name-1\" class=\"forminator-field-name forminator-col forminator-col-12 \"><div class=\"forminator-field\"><label for=\"forminator-field-name-1_69e1a54497ee9\" id=\"forminator-field-name-1_69e1a54497ee9-label\" class=\"forminator-label\">Solicitante <span class=\"forminator-required\">*<\/span><\/label><input type=\"text\" name=\"name-1\" value=\"\" placeholder=\"\" id=\"forminator-field-name-1_69e1a54497ee9\" class=\"forminator-input forminator-name--field\" aria-required=\"true\" \/><\/div><\/div><\/div><div class=\"forminator-row\"><div id=\"address-1\" class=\"forminator-field-address forminator-col forminator-col-12 \"><div class=\"forminator-row\"><div id=\"address-1-street_address\" class=\"forminator-col\"><div class=\"forminator-field\"><label for=\"forminator-field-address-1-street_address_69e1a54497ee9\" id=\"forminator-field-address-1-street_address_69e1a54497ee9-label\" class=\"forminator-label\">Nome da Rua <span class=\"forminator-required\">*<\/span><\/label><input type=\"text\" name=\"address-1-street_address\" placeholder=\"\" id=\"forminator-field-address-1-street_address_69e1a54497ee9\" class=\"forminator-input\" data-required=\"1\" aria-required=\"true\" value=\"\" \/><\/div><\/div><\/div><div class=\"forminator-row\" data-multiple=\"false\"><div id=\"address-1-city\" class=\"forminator-col forminator-col-12\"><div class=\"forminator-field\"><label for=\"forminator-field-address-1-city_69e1a54497ee9\" id=\"forminator-field-address-1-city_69e1a54497ee9-label\" class=\"forminator-label\">Cidade <span class=\"forminator-required\">*<\/span><\/label><input type=\"text\" name=\"address-1-city\" placeholder=\"\" id=\"forminator-field-address-1-city_69e1a54497ee9\" class=\"forminator-input\" data-required=\"1\" aria-required=\"true\" value=\"\" \/><\/div><\/div><\/div><div class=\"forminator-row\" data-multiple=\"false\"><div id=\"address-1-zip\" class=\"forminator-col forminator-col-12\"><div class=\"forminator-field\"><label for=\"forminator-field-address-1-zip_69e1a54497ee9\" id=\"forminator-field-address-1-zip_69e1a54497ee9-label\" class=\"forminator-label\">CEP<\/label><input type=\"text\" name=\"address-1-zip\" placeholder=\"\" id=\"forminator-field-address-1-zip_69e1a54497ee9\" class=\"forminator-input\" value=\"\" \/><\/div><\/div><\/div><\/div><\/div><div class=\"forminator-row\"><div id=\"phone-1\" class=\"forminator-field-phone forminator-col forminator-col-12 \"><div class=\"forminator-field\"><label for=\"forminator-field-phone-1_69e1a54497ee9\" id=\"forminator-field-phone-1_69e1a54497ee9-label\" class=\"forminator-label\">Telefone<\/label><input type=\"text\" name=\"phone-1\" value=\"\" placeholder=\"\" id=\"forminator-field-phone-1_69e1a54497ee9\" class=\"forminator-input forminator-field--phone\" data-required=\"\" aria-required=\"false\" autocomplete=\"off\" \/><\/div><\/div><\/div><div class=\"forminator-row\"><div id=\"text-1\" class=\"forminator-field-text forminator-col forminator-col-12 \"><div class=\"forminator-field\"><label for=\"forminator-field-text-1_69e1a54497ee9\" id=\"forminator-field-text-1_69e1a54497ee9-label\" class=\"forminator-label\">Tempo aproximado que o ve\u00edculo est\u00e1 estacionado no local <span class=\"forminator-required\">*<\/span><\/label><input type=\"text\" name=\"text-1\" value=\"\" placeholder=\"\" id=\"forminator-field-text-1_69e1a54497ee9\" class=\"forminator-input forminator-name--field\" data-required=\"1\" \/><\/div><\/div><\/div><div class=\"forminator-row\"><div id=\"textarea-1\" class=\"forminator-field-textarea forminator-col forminator-col-12 \"><div class=\"forminator-field\"><label for=\"forminator-field-textarea-1_69e1a54497ee9\" id=\"forminator-field-textarea-1_69e1a54497ee9-label\" class=\"forminator-label\">Breve relato sobre o fato<\/label><textarea name=\"textarea-1\" placeholder=\"\" id=\"forminator-field-textarea-1_69e1a54497ee9\" class=\"forminator-textarea\" rows=\"6\" style=\"min-height:140px;\" ><\/textarea><\/div><\/div><\/div><div class=\"forminator-row\"><div id=\"upload-1\" class=\"forminator-field-upload forminator-col forminator-col-12 \"><div class=\"forminator-field\"><label for=\"forminator-field-upload-1_69e1a54497ee9\" id=\"forminator-field-upload-1_69e1a54497ee9-label\" class=\"forminator-label\">Fotos do ve\u00edculo<\/label><div class=\"forminator-file-upload \" data-element=\"upload-1_69e1a54497ee9\"><input type=\"file\" name=\"upload-1\" id=\"forminator-field-upload-1_69e1a54497ee9\" class=\"forminator-input-file\" accept=\".jpg,.jpeg,.jpe,.gif,.png,.bmp,.tiff,.tif,.webp,.avif,.ico,.heic,.heif,.heics,.heifs,.asf,.asx,.wmv,.wmx,.wm,.avi,.divx,.flv,.mov,.qt,.mpeg,.mpg,.mpe,.mp4,.m4v,.ogv,.webm,.mkv,.3gp,.3gpp,.3g2,.3gp2,.txt,.asc,.c,.cc,.h,.srt,.csv,.tsv,.ics,.rtx,.vtt,.mp3,.m4a,.m4b,.aac,.ra,.ram,.wav,.ogg,.oga,.flac,.mid,.midi,.wma,.wax,.mka,.rtf,.pdf,.class,.tar,.zip,.gz,.gzip,.rar,.7z,.psd,.xcf,.doc,.pot,.pps,.ppt,.wri,.xla,.xls,.xlt,.xlw,.mdb,.mpp,.docx,.docm,.dotx,.dotm,.xlsx,.xlsm,.xlsb,.xltx,.xltm,.xlam,.pptx,.pptm,.ppsx,.ppsm,.potx,.potm,.ppam,.sldx,.sldm,.onetoc,.onetoc2,.onetmp,.onepkg,.oxps,.xps,.odt,.odp,.ods,.odg,.odc,.odb,.odf,.wp,.wpd,.key,.numbers,.pages\"><button id=\"forminator-field-upload-1_69e1a54497ee9_button\" class=\"forminator-button forminator-button-upload\" data-id=\"forminator-field-upload-1_69e1a54497ee9\">Selecione Arquivo<\/button><span data-empty-text=\"Nenhum arquivo selecionado ainda\">Nenhum arquivo selecionado ainda<\/span><button class=\"forminator-button-delete\" style=\"display: none;\"><i class=\"forminator-icon-close\" aria-hidden=\"true\"><\/i><span class=\"forminator-screen-reader-only\">Deletar arquivo enviado<\/span><\/button><\/div><\/div><\/div><\/div><div class=\"forminator-row\"><div id=\"html-1\" class=\"forminator-field-html forminator-col forminator-col-12 \"><div class=\"forminator-field forminator-merge-tags\" data-field=\"html-1\"><label class=\"forminator-label\">TERMO DE RESPONSABILIDADE<\/label><ol>\n<li><strong>Declaro a veracidade das informa\u00e7\u00f5es;<\/strong><\/li>\n<li><strong>Estou ciente de que as condi\u00e7\u00f5es do ve\u00edculo ser\u00e3o avaliadas pela equipe da SESTRAN para a constata\u00e7\u00e3o do fato<\/strong><\/li>\n<\/ol><\/div><\/div><\/div><div class=\"forminator-row\"><div id=\"consent-1\" class=\"forminator-field-consent forminator-col forminator-col-12 \"><div class=\"forminator-field\"><label for=\"forminator-field-consent-1_69e1a54497ee9\" id=\"forminator-field-consent-1_69e1a54497ee9-label\" class=\"forminator-label\">RESPONSABILIDADE <span class=\"forminator-required\">*<\/span><\/label><div class=\"forminator-checkbox__wrapper\"><label for=\"forminator-field-consent-1_69e1a54497ee9\" id=\"forminator-field-consent-1_69e1a54497ee9__label\" class=\"forminator-checkbox forminator-consent\"><input type=\"checkbox\" name=\"consent-1\" id=\"forminator-field-consent-1_69e1a54497ee9\" value=\"checked\" aria-labelledby=\"forminator-field-consent-1_69e1a54497ee9-label\" aria-describedby=\"forminator-field-consent-1_69e1a54497ee9__description\" data-required=\"true\" aria-required=\"true\" \/><span class=\"forminator-checkbox-box\" aria-hidden=\"true\"><\/span><\/label><div id=\"forminator-field-consent-1_69e1a54497ee9__description\" class=\"forminator-checkbox__label forminator-consent__label\"><p><strong>Sim, eu concordo com o Termo de Responsabilidade.<\/strong><\/p><\/div><\/div><\/div><\/div><\/div><input type=\"hidden\" name=\"referer_url\" value=\"\" \/><div class=\"forminator-row forminator-row-last\"><div class=\"forminator-col\"><div class=\"forminator-field\"><button class=\"forminator-button forminator-button-submit\">Enviar mensagem<\/button><\/div><\/div><\/div><input type=\"hidden\" id=\"forminator_nonce\" name=\"forminator_nonce\" value=\"f31127ab53\" \/><input type=\"hidden\" name=\"_wp_http_referer\" value=\"\/index.php\/wp-json\/wp\/v2\/pages\/1714\" \/><input type=\"hidden\" name=\"form_id\" value=\"1725\"><input type=\"hidden\" name=\"page_id\" value=\"1714\"><input type=\"hidden\" name=\"form_type\" value=\"default\"><input type=\"hidden\" name=\"current_url\" value=\"https:\/\/transito.cambe.pr.gov.br\/index.php\/transito\/veiculo-estacionado-em-via-publica-em-estado-de-abandono\/\"><input type=\"hidden\" name=\"render_id\" value=\"0\"><input type=\"hidden\" name=\"action\" value=\"forminator_submit_form_custom-forms\"><\/form><\/span><\/p>\n","protected":false},"excerpt":{"rendered":"<p>Segundo o Manual Brasileiro de Fiscaliza\u00e7\u00e3o de Tr\u00e2nsito, considera-se ve\u00edculo em estado de abandono o ve\u00edculo estacionado na via ou em estacionamento p\u00fablico, sem capacidade de locomo\u00e7\u00e3o por meios pr\u00f3prios e que, devido a seu estado de conserva\u00e7\u00e3o e processo de deteriora\u00e7\u00e3o, ofere\u00e7a risco \u00e0 sa\u00fade p\u00fablica, \u00e0 seguran\u00e7a p\u00fablica ou ao meio ambiente, independentemente [&hellip;]<\/p>\n","protected":false},"author":5,"featured_media":0,"parent":1336,"menu_order":0,"comment_status":"closed","ping_status":"closed","template":"","meta":{"footnotes":""},"class_list":["post-1714","page","type-page","status-publish","hentry"],"blocksy_meta":[],"yoast_head":"<!-- This site is optimized with the Yoast SEO plugin v24.4 - https:\/\/yoast.com\/wordpress\/plugins\/seo\/ -->\n<title>Ve\u00edculo Estacionado em Via P\u00fablica em Estado de Abandono - Seguran\u00e7a P\u00fablica e Tr\u00e2nsito - Camb\u00e9<\/title>\n<meta name=\"robots\" content=\"index, follow, max-snippet:-1, max-image-preview:large, max-video-preview:-1\" \/>\n<link rel=\"canonical\" href=\"https:\/\/transito.cambe.pr.gov.br\/index.php\/transito\/veiculo-estacionado-em-via-publica-em-estado-de-abandono\/\" \/>\n<meta property=\"og:locale\" content=\"pt_BR\" \/>\n<meta property=\"og:type\" content=\"article\" \/>\n<meta property=\"og:title\" content=\"Ve\u00edculo Estacionado em Via P\u00fablica em Estado de Abandono - Seguran\u00e7a P\u00fablica e Tr\u00e2nsito - Camb\u00e9\" \/>\n<meta property=\"og:description\" content=\"Segundo o Manual Brasileiro de Fiscaliza\u00e7\u00e3o de Tr\u00e2nsito, considera-se ve\u00edculo em estado de abandono o ve\u00edculo estacionado na via ou em estacionamento p\u00fablico, sem capacidade de locomo\u00e7\u00e3o por meios pr\u00f3prios e que, devido a seu estado de conserva\u00e7\u00e3o e processo de deteriora\u00e7\u00e3o, ofere\u00e7a risco \u00e0 sa\u00fade p\u00fablica, \u00e0 seguran\u00e7a p\u00fablica ou ao meio ambiente, independentemente [&hellip;]\" \/>\n<meta property=\"og:url\" content=\"https:\/\/transito.cambe.pr.gov.br\/index.php\/transito\/veiculo-estacionado-em-via-publica-em-estado-de-abandono\/\" \/>\n<meta property=\"og:site_name\" content=\"Seguran\u00e7a P\u00fablica e Tr\u00e2nsito - Camb\u00e9\" \/>\n<meta property=\"article:publisher\" content=\"https:\/\/www.facebook.com\/DepartamentoTransitoCambe\/\" \/>\n<meta property=\"article:modified_time\" content=\"2025-03-14T12:24:05+00:00\" \/>\n<meta property=\"og:image\" content=\"https:\/\/transito.cambe.pr.gov.br\/wp-content\/uploads\/2023\/08\/brasao_cambe100x100.png\" \/>\n\t<meta property=\"og:image:width\" content=\"100\" \/>\n\t<meta property=\"og:image:height\" content=\"100\" \/>\n\t<meta property=\"og:image:type\" content=\"image\/png\" \/>\n<meta name=\"twitter:card\" content=\"summary_large_image\" \/>\n<meta name=\"twitter:label1\" content=\"Est. tempo de leitura\" \/>\n\t<meta name=\"twitter:data1\" content=\"1 minuto\" \/>\n<script type=\"application\/ld+json\" class=\"yoast-schema-graph\">{\"@context\":\"https:\/\/schema.org\",\"@graph\":[{\"@type\":\"WebPage\",\"@id\":\"https:\/\/transito.cambe.pr.gov.br\/index.php\/transito\/veiculo-estacionado-em-via-publica-em-estado-de-abandono\/\",\"url\":\"https:\/\/transito.cambe.pr.gov.br\/index.php\/transito\/veiculo-estacionado-em-via-publica-em-estado-de-abandono\/\",\"name\":\"Ve\u00edculo Estacionado em Via P\u00fablica em Estado de Abandono - Seguran\u00e7a P\u00fablica e Tr\u00e2nsito - Camb\u00e9\",\"isPartOf\":{\"@id\":\"https:\/\/transito.cambe.pr.gov.br\/#website\"},\"datePublished\":\"2025-03-14T11:46:46+00:00\",\"dateModified\":\"2025-03-14T12:24:05+00:00\",\"breadcrumb\":{\"@id\":\"https:\/\/transito.cambe.pr.gov.br\/index.php\/transito\/veiculo-estacionado-em-via-publica-em-estado-de-abandono\/#breadcrumb\"},\"inLanguage\":\"pt-BR\",\"potentialAction\":[{\"@type\":\"ReadAction\",\"target\":[\"https:\/\/transito.cambe.pr.gov.br\/index.php\/transito\/veiculo-estacionado-em-via-publica-em-estado-de-abandono\/\"]}]},{\"@type\":\"BreadcrumbList\",\"@id\":\"https:\/\/transito.cambe.pr.gov.br\/index.php\/transito\/veiculo-estacionado-em-via-publica-em-estado-de-abandono\/#breadcrumb\",\"itemListElement\":[{\"@type\":\"ListItem\",\"position\":1,\"name\":\"In\u00edcio\",\"item\":\"https:\/\/transito.cambe.pr.gov.br\/\"},{\"@type\":\"ListItem\",\"position\":2,\"name\":\"Tr\u00e2nsito\",\"item\":\"https:\/\/transito.cambe.pr.gov.br\/index.php\/transito\/\"},{\"@type\":\"ListItem\",\"position\":3,\"name\":\"Ve\u00edculo Estacionado em Via P\u00fablica em Estado de Abandono\"}]},{\"@type\":\"WebSite\",\"@id\":\"https:\/\/transito.cambe.pr.gov.br\/#website\",\"url\":\"https:\/\/transito.cambe.pr.gov.br\/\",\"name\":\"Seguran\u00e7a P\u00fablica e Tr\u00e2nsito - Camb\u00e9\",\"description\":\"\",\"publisher\":{\"@id\":\"https:\/\/transito.cambe.pr.gov.br\/#organization\"},\"alternateName\":\"SESTRAN-Camb\u00e9\",\"potentialAction\":[{\"@type\":\"SearchAction\",\"target\":{\"@type\":\"EntryPoint\",\"urlTemplate\":\"https:\/\/transito.cambe.pr.gov.br\/?s={search_term_string}\"},\"query-input\":{\"@type\":\"PropertyValueSpecification\",\"valueRequired\":true,\"valueName\":\"search_term_string\"}}],\"inLanguage\":\"pt-BR\"},{\"@type\":\"Organization\",\"@id\":\"https:\/\/transito.cambe.pr.gov.br\/#organization\",\"name\":\"Secretaria de Seguran\u00e7a P\u00fablica e Tr\u00e2nsito de Camb\u00e9\",\"alternateName\":\"SESTRAN-Camb\u00e9\",\"url\":\"https:\/\/transito.cambe.pr.gov.br\/\",\"logo\":{\"@type\":\"ImageObject\",\"inLanguage\":\"pt-BR\",\"@id\":\"https:\/\/transito.cambe.pr.gov.br\/#\/schema\/logo\/image\/\",\"url\":\"https:\/\/transito.cambe.pr.gov.br\/wp-content\/uploads\/2023\/08\/brasao_cambe100x100.png\",\"contentUrl\":\"https:\/\/transito.cambe.pr.gov.br\/wp-content\/uploads\/2023\/08\/brasao_cambe100x100.png\",\"width\":100,\"height\":100,\"caption\":\"Secretaria de Seguran\u00e7a P\u00fablica e Tr\u00e2nsito de Camb\u00e9\"},\"image\":{\"@id\":\"https:\/\/transito.cambe.pr.gov.br\/#\/schema\/logo\/image\/\"},\"sameAs\":[\"https:\/\/www.facebook.com\/DepartamentoTransitoCambe\/\"]}]}<\/script>\n<!-- \/ Yoast SEO plugin. -->","yoast_head_json":{"title":"Ve\u00edculo Estacionado em Via P\u00fablica em Estado de Abandono - Seguran\u00e7a P\u00fablica e Tr\u00e2nsito - Camb\u00e9","robots":{"index":"index","follow":"follow","max-snippet":"max-snippet:-1","max-image-preview":"max-image-preview:large","max-video-preview":"max-video-preview:-1"},"canonical":"https:\/\/transito.cambe.pr.gov.br\/index.php\/transito\/veiculo-estacionado-em-via-publica-em-estado-de-abandono\/","og_locale":"pt_BR","og_type":"article","og_title":"Ve\u00edculo Estacionado em Via P\u00fablica em Estado de Abandono - Seguran\u00e7a P\u00fablica e Tr\u00e2nsito - Camb\u00e9","og_description":"Segundo o Manual Brasileiro de Fiscaliza\u00e7\u00e3o de Tr\u00e2nsito, considera-se ve\u00edculo em estado de abandono o ve\u00edculo estacionado na via ou em estacionamento p\u00fablico, sem capacidade de locomo\u00e7\u00e3o por meios pr\u00f3prios e que, devido a seu estado de conserva\u00e7\u00e3o e processo de deteriora\u00e7\u00e3o, ofere\u00e7a risco \u00e0 sa\u00fade p\u00fablica, \u00e0 seguran\u00e7a p\u00fablica ou ao meio ambiente, independentemente [&hellip;]","og_url":"https:\/\/transito.cambe.pr.gov.br\/index.php\/transito\/veiculo-estacionado-em-via-publica-em-estado-de-abandono\/","og_site_name":"Seguran\u00e7a P\u00fablica e Tr\u00e2nsito - Camb\u00e9","article_publisher":"https:\/\/www.facebook.com\/DepartamentoTransitoCambe\/","article_modified_time":"2025-03-14T12:24:05+00:00","og_image":[{"width":100,"height":100,"url":"https:\/\/transito.cambe.pr.gov.br\/wp-content\/uploads\/2023\/08\/brasao_cambe100x100.png","type":"image\/png"}],"twitter_card":"summary_large_image","twitter_misc":{"Est. tempo de leitura":"1 minuto"},"schema":{"@context":"https:\/\/schema.org","@graph":[{"@type":"WebPage","@id":"https:\/\/transito.cambe.pr.gov.br\/index.php\/transito\/veiculo-estacionado-em-via-publica-em-estado-de-abandono\/","url":"https:\/\/transito.cambe.pr.gov.br\/index.php\/transito\/veiculo-estacionado-em-via-publica-em-estado-de-abandono\/","name":"Ve\u00edculo Estacionado em Via P\u00fablica em Estado de Abandono - Seguran\u00e7a P\u00fablica e Tr\u00e2nsito - Camb\u00e9","isPartOf":{"@id":"https:\/\/transito.cambe.pr.gov.br\/#website"},"datePublished":"2025-03-14T11:46:46+00:00","dateModified":"2025-03-14T12:24:05+00:00","breadcrumb":{"@id":"https:\/\/transito.cambe.pr.gov.br\/index.php\/transito\/veiculo-estacionado-em-via-publica-em-estado-de-abandono\/#breadcrumb"},"inLanguage":"pt-BR","potentialAction":[{"@type":"ReadAction","target":["https:\/\/transito.cambe.pr.gov.br\/index.php\/transito\/veiculo-estacionado-em-via-publica-em-estado-de-abandono\/"]}]},{"@type":"BreadcrumbList","@id":"https:\/\/transito.cambe.pr.gov.br\/index.php\/transito\/veiculo-estacionado-em-via-publica-em-estado-de-abandono\/#breadcrumb","itemListElement":[{"@type":"ListItem","position":1,"name":"In\u00edcio","item":"https:\/\/transito.cambe.pr.gov.br\/"},{"@type":"ListItem","position":2,"name":"Tr\u00e2nsito","item":"https:\/\/transito.cambe.pr.gov.br\/index.php\/transito\/"},{"@type":"ListItem","position":3,"name":"Ve\u00edculo Estacionado em Via P\u00fablica em Estado de Abandono"}]},{"@type":"WebSite","@id":"https:\/\/transito.cambe.pr.gov.br\/#website","url":"https:\/\/transito.cambe.pr.gov.br\/","name":"Seguran\u00e7a P\u00fablica e Tr\u00e2nsito - Camb\u00e9","description":"","publisher":{"@id":"https:\/\/transito.cambe.pr.gov.br\/#organization"},"alternateName":"SESTRAN-Camb\u00e9","potentialAction":[{"@type":"SearchAction","target":{"@type":"EntryPoint","urlTemplate":"https:\/\/transito.cambe.pr.gov.br\/?s={search_term_string}"},"query-input":{"@type":"PropertyValueSpecification","valueRequired":true,"valueName":"search_term_string"}}],"inLanguage":"pt-BR"},{"@type":"Organization","@id":"https:\/\/transito.cambe.pr.gov.br\/#organization","name":"Secretaria de Seguran\u00e7a P\u00fablica e Tr\u00e2nsito de Camb\u00e9","alternateName":"SESTRAN-Camb\u00e9","url":"https:\/\/transito.cambe.pr.gov.br\/","logo":{"@type":"ImageObject","inLanguage":"pt-BR","@id":"https:\/\/transito.cambe.pr.gov.br\/#\/schema\/logo\/image\/","url":"https:\/\/transito.cambe.pr.gov.br\/wp-content\/uploads\/2023\/08\/brasao_cambe100x100.png","contentUrl":"https:\/\/transito.cambe.pr.gov.br\/wp-content\/uploads\/2023\/08\/brasao_cambe100x100.png","width":100,"height":100,"caption":"Secretaria de Seguran\u00e7a P\u00fablica e Tr\u00e2nsito de Camb\u00e9"},"image":{"@id":"https:\/\/transito.cambe.pr.gov.br\/#\/schema\/logo\/image\/"},"sameAs":["https:\/\/www.facebook.com\/DepartamentoTransitoCambe\/"]}]}},"_links":{"self":[{"href":"https:\/\/transito.cambe.pr.gov.br\/index.php\/wp-json\/wp\/v2\/pages\/1714","targetHints":{"allow":["GET"]}}],"collection":[{"href":"https:\/\/transito.cambe.pr.gov.br\/index.php\/wp-json\/wp\/v2\/pages"}],"about":[{"href":"https:\/\/transito.cambe.pr.gov.br\/index.php\/wp-json\/wp\/v2\/types\/page"}],"author":[{"embeddable":true,"href":"https:\/\/transito.cambe.pr.gov.br\/index.php\/wp-json\/wp\/v2\/users\/5"}],"replies":[{"embeddable":true,"href":"https:\/\/transito.cambe.pr.gov.br\/index.php\/wp-json\/wp\/v2\/comments?post=1714"}],"version-history":[{"count":12,"href":"https:\/\/transito.cambe.pr.gov.br\/index.php\/wp-json\/wp\/v2\/pages\/1714\/revisions"}],"predecessor-version":[{"id":1727,"href":"https:\/\/transito.cambe.pr.gov.br\/index.php\/wp-json\/wp\/v2\/pages\/1714\/revisions\/1727"}],"up":[{"embeddable":true,"href":"https:\/\/transito.cambe.pr.gov.br\/index.php\/wp-json\/wp\/v2\/pages\/1336"}],"wp:attachment":[{"href":"https:\/\/transito.cambe.pr.gov.br\/index.php\/wp-json\/wp\/v2\/media?parent=1714"}],"curies":[{"name":"wp","href":"https:\/\/api.w.org\/{rel}","templated":true}]}}