{"id":1336,"date":"2024-12-27T10:59:22","date_gmt":"2024-12-27T13:59:22","guid":{"rendered":"https:\/\/transito.cambe.pr.gov.br\/?page_id=1336"},"modified":"2025-03-07T09:43:17","modified_gmt":"2025-03-07T12:43:17","slug":"transito","status":"publish","type":"page","link":"https:\/\/transito.cambe.pr.gov.br\/index.php\/transito\/","title":{"rendered":"Tr\u00e2nsito"},"content":{"rendered":"<p style=\"text-align: justify;\"><span style=\"color: #000000; font-size: 12pt; font-family: arial, helvetica, sans-serif;\">A <strong>Prefeitura Municipal de Camb\u00e9<\/strong>, comprometida com a melhoria da qualidade de vida e seguran\u00e7a no tr\u00e2nsito, realiza, por meio dos agentes de tr\u00e2nsito, a\u00e7\u00f5es constantes nas vias do munic\u00edpio. Esses profissionais s\u00e3o fundamentais na manuten\u00e7\u00e3o da ordem, na preven\u00e7\u00e3o de sinistros e no incentivo ao cumprimento das normas de tr\u00e2nsito, garantindo um ambiente mais seguro para condutores, ciclistas e pedestres.<\/span><\/p>\n<p style=\"text-align: justify;\"><span style=\"color: #000000; font-size: 12pt; font-family: arial, helvetica, sans-serif;\">A <strong>Sestran<\/strong> disponibiliza \u00e0 popula\u00e7\u00e3o um canal direto para solicitar servi\u00e7os ou registrar demandas relacionadas ao tr\u00e2nsito. Por meio do n\u00famero<strong> (43) 3174-2739,<\/strong> os cidad\u00e3os podem realizar suas <strong>solicita\u00e7\u00f5es, esclarecer d\u00favidas e informar<\/strong> sobre situa\u00e7\u00f5es que demandem a interven\u00e7\u00e3o dos agentes de tr\u00e2nsito, como estacionamento irregular ou outras quest\u00f5es que impactam na circula\u00e7\u00e3o.<\/span><\/p>\n<p data-start=\"183\" data-end=\"241\"><span style=\"color: #000000; font-family: arial, helvetica, sans-serif;\"><strong>Hor\u00e1rio<\/strong>: de segunda a sexta-feira, das 08h00 \u00e0s 18h.<\/span><\/p>\n<p data-start=\"243\" data-end=\"259\">\n","protected":false},"excerpt":{"rendered":"<p>A Prefeitura Municipal de Camb\u00e9, comprometida com a melhoria da qualidade de vida e seguran\u00e7a no tr\u00e2nsito, realiza, por meio dos agentes de tr\u00e2nsito, a\u00e7\u00f5es constantes nas vias do munic\u00edpio. Esses profissionais s\u00e3o fundamentais na manuten\u00e7\u00e3o da ordem, na preven\u00e7\u00e3o de sinistros e no incentivo ao cumprimento das normas de tr\u00e2nsito, garantindo um ambiente mais [&hellip;]<\/p>\n","protected":false},"author":5,"featured_media":0,"parent":0,"menu_order":0,"comment_status":"closed","ping_status":"closed","template":"","meta":{"footnotes":""},"class_list":["post-1336","page","type-page","status-publish","hentry"],"blocksy_meta":[],"yoast_head":"<!-- This site is optimized with the Yoast SEO plugin v27.6 - https:\/\/yoast.com\/product\/yoast-seo-wordpress\/ -->\n<title>Tr\u00e2nsito - Seguran\u00e7a P\u00fablica e Tr\u00e2nsito - Camb\u00e9<\/title>\n<meta name=\"robots\" content=\"index, follow, max-snippet:-1, max-image-preview:large, max-video-preview:-1\" \/>\n<link rel=\"canonical\" href=\"https:\/\/transito.cambe.pr.gov.br\/index.php\/transito\/\" \/>\n<meta property=\"og:locale\" content=\"pt_BR\" \/>\n<meta property=\"og:type\" content=\"article\" \/>\n<meta property=\"og:title\" content=\"Tr\u00e2nsito - Seguran\u00e7a P\u00fablica e Tr\u00e2nsito - Camb\u00e9\" \/>\n<meta property=\"og:description\" content=\"A Prefeitura Municipal de Camb\u00e9, comprometida com a melhoria da qualidade de vida e seguran\u00e7a no tr\u00e2nsito, realiza, por meio dos agentes de tr\u00e2nsito, a\u00e7\u00f5es constantes nas vias do munic\u00edpio. Esses profissionais s\u00e3o fundamentais na manuten\u00e7\u00e3o da ordem, na preven\u00e7\u00e3o de sinistros e no incentivo ao cumprimento das normas de tr\u00e2nsito, garantindo um ambiente mais [&hellip;]\" \/>\n<meta property=\"og:url\" content=\"https:\/\/transito.cambe.pr.gov.br\/index.php\/transito\/\" \/>\n<meta property=\"og:site_name\" content=\"Seguran\u00e7a P\u00fablica e Tr\u00e2nsito - Camb\u00e9\" \/>\n<meta property=\"article:publisher\" content=\"https:\/\/www.facebook.com\/DepartamentoTransitoCambe\/\" \/>\n<meta property=\"article:modified_time\" content=\"2025-03-07T12:43:17+00:00\" \/>\n<meta property=\"og:image\" content=\"https:\/\/transito.cambe.pr.gov.br\/wp-content\/uploads\/2023\/08\/brasao_cambe100x100.png\" \/>\n\t<meta property=\"og:image:width\" content=\"100\" \/>\n\t<meta property=\"og:image:height\" content=\"100\" \/>\n\t<meta property=\"og:image:type\" content=\"image\/png\" \/>\n<meta name=\"twitter:card\" content=\"summary_large_image\" \/>\n<meta name=\"twitter:label1\" content=\"Est. tempo de leitura\" \/>\n\t<meta name=\"twitter:data1\" content=\"1 minuto\" \/>\n<script type=\"application\/ld+json\" class=\"yoast-schema-graph\">{\"@context\":\"https:\\\/\\\/schema.org\",\"@graph\":[{\"@type\":\"WebPage\",\"@id\":\"https:\\\/\\\/transito.cambe.pr.gov.br\\\/index.php\\\/transito\\\/\",\"url\":\"https:\\\/\\\/transito.cambe.pr.gov.br\\\/index.php\\\/transito\\\/\",\"name\":\"Tr\u00e2nsito - Seguran\u00e7a P\u00fablica e Tr\u00e2nsito - Camb\u00e9\",\"isPartOf\":{\"@id\":\"https:\\\/\\\/transito.cambe.pr.gov.br\\\/#website\"},\"datePublished\":\"2024-12-27T13:59:22+00:00\",\"dateModified\":\"2025-03-07T12:43:17+00:00\",\"breadcrumb\":{\"@id\":\"https:\\\/\\\/transito.cambe.pr.gov.br\\\/index.php\\\/transito\\\/#breadcrumb\"},\"inLanguage\":\"pt-BR\",\"potentialAction\":[{\"@type\":\"ReadAction\",\"target\":[\"https:\\\/\\\/transito.cambe.pr.gov.br\\\/index.php\\\/transito\\\/\"]}]},{\"@type\":\"BreadcrumbList\",\"@id\":\"https:\\\/\\\/transito.cambe.pr.gov.br\\\/index.php\\\/transito\\\/#breadcrumb\",\"itemListElement\":[{\"@type\":\"ListItem\",\"position\":1,\"name\":\"In\u00edcio\",\"item\":\"https:\\\/\\\/transito.cambe.pr.gov.br\\\/\"},{\"@type\":\"ListItem\",\"position\":2,\"name\":\"Tr\u00e2nsito\"}]},{\"@type\":\"WebSite\",\"@id\":\"https:\\\/\\\/transito.cambe.pr.gov.br\\\/#website\",\"url\":\"https:\\\/\\\/transito.cambe.pr.gov.br\\\/\",\"name\":\"Seguran\u00e7a P\u00fablica e Tr\u00e2nsito - Camb\u00e9\",\"description\":\"\",\"publisher\":{\"@id\":\"https:\\\/\\\/transito.cambe.pr.gov.br\\\/#organization\"},\"alternateName\":\"SESTRAN-Camb\u00e9\",\"potentialAction\":[{\"@type\":\"SearchAction\",\"target\":{\"@type\":\"EntryPoint\",\"urlTemplate\":\"https:\\\/\\\/transito.cambe.pr.gov.br\\\/?s={search_term_string}\"},\"query-input\":{\"@type\":\"PropertyValueSpecification\",\"valueRequired\":true,\"valueName\":\"search_term_string\"}}],\"inLanguage\":\"pt-BR\"},{\"@type\":\"Organization\",\"@id\":\"https:\\\/\\\/transito.cambe.pr.gov.br\\\/#organization\",\"name\":\"Secretaria de Seguran\u00e7a P\u00fablica e Tr\u00e2nsito de Camb\u00e9\",\"alternateName\":\"SESTRAN-Camb\u00e9\",\"url\":\"https:\\\/\\\/transito.cambe.pr.gov.br\\\/\",\"logo\":{\"@type\":\"ImageObject\",\"inLanguage\":\"pt-BR\",\"@id\":\"https:\\\/\\\/transito.cambe.pr.gov.br\\\/#\\\/schema\\\/logo\\\/image\\\/\",\"url\":\"https:\\\/\\\/transito.cambe.pr.gov.br\\\/wp-content\\\/uploads\\\/2023\\\/08\\\/brasao_cambe100x100.png\",\"contentUrl\":\"https:\\\/\\\/transito.cambe.pr.gov.br\\\/wp-content\\\/uploads\\\/2023\\\/08\\\/brasao_cambe100x100.png\",\"width\":100,\"height\":100,\"caption\":\"Secretaria de Seguran\u00e7a P\u00fablica e Tr\u00e2nsito de Camb\u00e9\"},\"image\":{\"@id\":\"https:\\\/\\\/transito.cambe.pr.gov.br\\\/#\\\/schema\\\/logo\\\/image\\\/\"},\"sameAs\":[\"https:\\\/\\\/www.facebook.com\\\/DepartamentoTransitoCambe\\\/\"]}]}<\/script>\n<!-- \/ Yoast SEO plugin. -->","yoast_head_json":{"title":"Tr\u00e2nsito - Seguran\u00e7a P\u00fablica e Tr\u00e2nsito - Camb\u00e9","robots":{"index":"index","follow":"follow","max-snippet":"max-snippet:-1","max-image-preview":"max-image-preview:large","max-video-preview":"max-video-preview:-1"},"canonical":"https:\/\/transito.cambe.pr.gov.br\/index.php\/transito\/","og_locale":"pt_BR","og_type":"article","og_title":"Tr\u00e2nsito - Seguran\u00e7a P\u00fablica e Tr\u00e2nsito - Camb\u00e9","og_description":"A Prefeitura Municipal de Camb\u00e9, comprometida com a melhoria da qualidade de vida e seguran\u00e7a no tr\u00e2nsito, realiza, por meio dos agentes de tr\u00e2nsito, a\u00e7\u00f5es constantes nas vias do munic\u00edpio. Esses profissionais s\u00e3o fundamentais na manuten\u00e7\u00e3o da ordem, na preven\u00e7\u00e3o de sinistros e no incentivo ao cumprimento das normas de tr\u00e2nsito, garantindo um ambiente mais [&hellip;]","og_url":"https:\/\/transito.cambe.pr.gov.br\/index.php\/transito\/","og_site_name":"Seguran\u00e7a P\u00fablica e Tr\u00e2nsito - Camb\u00e9","article_publisher":"https:\/\/www.facebook.com\/DepartamentoTransitoCambe\/","article_modified_time":"2025-03-07T12:43:17+00:00","og_image":[{"width":100,"height":100,"url":"https:\/\/transito.cambe.pr.gov.br\/wp-content\/uploads\/2023\/08\/brasao_cambe100x100.png","type":"image\/png"}],"twitter_card":"summary_large_image","twitter_misc":{"Est. tempo de leitura":"1 minuto"},"schema":{"@context":"https:\/\/schema.org","@graph":[{"@type":"WebPage","@id":"https:\/\/transito.cambe.pr.gov.br\/index.php\/transito\/","url":"https:\/\/transito.cambe.pr.gov.br\/index.php\/transito\/","name":"Tr\u00e2nsito - Seguran\u00e7a P\u00fablica e Tr\u00e2nsito - Camb\u00e9","isPartOf":{"@id":"https:\/\/transito.cambe.pr.gov.br\/#website"},"datePublished":"2024-12-27T13:59:22+00:00","dateModified":"2025-03-07T12:43:17+00:00","breadcrumb":{"@id":"https:\/\/transito.cambe.pr.gov.br\/index.php\/transito\/#breadcrumb"},"inLanguage":"pt-BR","potentialAction":[{"@type":"ReadAction","target":["https:\/\/transito.cambe.pr.gov.br\/index.php\/transito\/"]}]},{"@type":"BreadcrumbList","@id":"https:\/\/transito.cambe.pr.gov.br\/index.php\/transito\/#breadcrumb","itemListElement":[{"@type":"ListItem","position":1,"name":"In\u00edcio","item":"https:\/\/transito.cambe.pr.gov.br\/"},{"@type":"ListItem","position":2,"name":"Tr\u00e2nsito"}]},{"@type":"WebSite","@id":"https:\/\/transito.cambe.pr.gov.br\/#website","url":"https:\/\/transito.cambe.pr.gov.br\/","name":"Seguran\u00e7a P\u00fablica e Tr\u00e2nsito - Camb\u00e9","description":"","publisher":{"@id":"https:\/\/transito.cambe.pr.gov.br\/#organization"},"alternateName":"SESTRAN-Camb\u00e9","potentialAction":[{"@type":"SearchAction","target":{"@type":"EntryPoint","urlTemplate":"https:\/\/transito.cambe.pr.gov.br\/?s={search_term_string}"},"query-input":{"@type":"PropertyValueSpecification","valueRequired":true,"valueName":"search_term_string"}}],"inLanguage":"pt-BR"},{"@type":"Organization","@id":"https:\/\/transito.cambe.pr.gov.br\/#organization","name":"Secretaria de Seguran\u00e7a P\u00fablica e Tr\u00e2nsito de Camb\u00e9","alternateName":"SESTRAN-Camb\u00e9","url":"https:\/\/transito.cambe.pr.gov.br\/","logo":{"@type":"ImageObject","inLanguage":"pt-BR","@id":"https:\/\/transito.cambe.pr.gov.br\/#\/schema\/logo\/image\/","url":"https:\/\/transito.cambe.pr.gov.br\/wp-content\/uploads\/2023\/08\/brasao_cambe100x100.png","contentUrl":"https:\/\/transito.cambe.pr.gov.br\/wp-content\/uploads\/2023\/08\/brasao_cambe100x100.png","width":100,"height":100,"caption":"Secretaria de Seguran\u00e7a P\u00fablica e Tr\u00e2nsito de Camb\u00e9"},"image":{"@id":"https:\/\/transito.cambe.pr.gov.br\/#\/schema\/logo\/image\/"},"sameAs":["https:\/\/www.facebook.com\/DepartamentoTransitoCambe\/"]}]}},"_links":{"self":[{"href":"https:\/\/transito.cambe.pr.gov.br\/index.php\/wp-json\/wp\/v2\/pages\/1336","targetHints":{"allow":["GET"]}}],"collection":[{"href":"https:\/\/transito.cambe.pr.gov.br\/index.php\/wp-json\/wp\/v2\/pages"}],"about":[{"href":"https:\/\/transito.cambe.pr.gov.br\/index.php\/wp-json\/wp\/v2\/types\/page"}],"author":[{"embeddable":true,"href":"https:\/\/transito.cambe.pr.gov.br\/index.php\/wp-json\/wp\/v2\/users\/5"}],"replies":[{"embeddable":true,"href":"https:\/\/transito.cambe.pr.gov.br\/index.php\/wp-json\/wp\/v2\/comments?post=1336"}],"version-history":[{"count":9,"href":"https:\/\/transito.cambe.pr.gov.br\/index.php\/wp-json\/wp\/v2\/pages\/1336\/revisions"}],"predecessor-version":[{"id":1682,"href":"https:\/\/transito.cambe.pr.gov.br\/index.php\/wp-json\/wp\/v2\/pages\/1336\/revisions\/1682"}],"wp:attachment":[{"href":"https:\/\/transito.cambe.pr.gov.br\/index.php\/wp-json\/wp\/v2\/media?parent=1336"}],"curies":[{"name":"wp","href":"https:\/\/api.w.org\/{rel}","templated":true}]}}